.
-12
Let a(c) = c**3 + 3*c**2 - c - 3. Let t = -131 - -128. Determine a(t).
0
Let o(g) = 4*g**2 - 4*g + 2. Let m be ((-14)/42)/(-4 + (-436)/(-108)). Suppose -3*k + 49 - 1 = 3*d, 5*d = 25. Let q = m + k. Calculate o(q).
10
Let h(g) be the second derivative of -g**4/12 - 10*g**3/3 - 45*g**2 - 180*g. Give h(-13).
1
Let j(x) = -x + 3. Let a(l) = l - 1. Let q = 0 + 5. Let s(d) = q*a(d) + 2*j(d). Determine s(1).
4
Let s(u) = -7*u + 84. Let a be s(12). Let h(f) be the second derivative of -5*f - 1/2*f**2 - 1/3*f**3 + a. Give h(2).
-5
Let s be ((-30)/(-35))/(6/21). Suppose 8*v + s = 9*v. Suppose 2*l = 3*p - 7, -v*l - 5 - 1 = -3*p. Let t(k) = -4*k**3 + k**2 - k. Calculate t(l).
-4
Let i(s) = -4*s**2 + 2*s + 1. Suppose -15 = t - 4*t. Let m = t + 2. Let q(a) = a - 8. Let g be q(m). Give i(g).
-5
Let r(w) = -7*w**2 - 10*w + 6. Suppose o - 19 = -4*u, -u + o + o + 16 = 0. Let c(i) = -i**2 - i + 1. Let v(a) = u*c(a) - r(a). Determine v(-5).
5
Let s(g) = 7*g + 23. Let t(q) = 3*q + 10. Let u(p) = 2*s(p) - 5*t(p). Let v = 2 + -3. Let l = -1 - v. Determine u(l).
-4
Let m(b) = -b**3 - 10*b**2 + 8*b - 26. Suppose -11*v + 8*v = 2*l + 25, 5*l - 3*v + 52 = 0. Give m(l).
7
Let v(f) = 420*f - 429*f - 19 - 28. Give v(-5).
-2
Let z(a) be the second derivative of 12*a + 1/6*a**3 + 9/2*a**2 + 0. Determine z(-4).
5
Let c be -3 + 0 - -4 - (-192)/12. Let x(f) = f**2 - 19*f + 18. Determine x(c).
-16
Let y(t) = -t**2 - 11*t - 6. Let s(u) = -3*u**2 - 32*u - 18. Let x(b) = 6*s(b) - 17*y(b). Let c(r) = -r**3 - 11*r**2 - 10*r - 5. Let k be c(-10). Give x(k).
-6
Let p(w) be the first derivative of -3*w + 2 - 1/2*w**2 + 1/4*w**4 - 2*w**3. Calculate p(6).
-9
Let o(q) = -186*q + 4*q**2 + 90*q - q**3 - 1 + 94*q. Let n be 16/7 + 6/(-21). Calculate o(n).
3
Let r(j) = -2*j - 7. Let w(x) = 5*x**3 - x**2 + x + 1. Let h(z) = -z**2 + 6*z - 6. Let q be h(5). Let c be w(q). Give r(c).
5
Let b(o) = o**3 - 12*o**2 - 13*o. Let p(r) = 2*r - 3. Let g be p(8). Let x be b(g). Let y(i) = -i**2 - i - 8. Determine y(x).
-8
Let s be (-90)/(-27) - (2/(-3))/(-2). Suppose -c + 4 = c. Let i(z) = 0*z**2 - z**2 + 4 + c*z + 0*z. Give i(s).
1
Let z(b) = b**3 + 6*b**2 - 1. Let g = 35 - 18. Suppose s = -a - 4*s - g, -5*s - 61 = 3*a. Let h = a + 16. Give z(h).
-1
Let t(s) = s + 5 + 3 - 23 - 5 + 4. Calculate t(17).
1
Let o(c) = 1. Let q(b) = -10*b - 8 + 2 - 14*b + 23*b. Let a(l) = -2*o(l) + q(l). Suppose -2*s - 11 = z, -3*z - 18 = 5*s + 9. Give a(s).
-2
Let l be (1/2)/((-15)/(-210)). Suppose -12 = -j - 5. Let i(z) = 3*z**2 + 3 + j*z - 5*z**2 + z**2. Give i(l).
3
Let j(u) = -u + 4. Let x(h) be the second derivative of h**3/6 - 3*h**2 + 3*h + 3. Let v be 0*(-2)/4 + 10. Let y be x(v). What is j(y)?
0
Let s = -649 - -1949/3. Let z(m) be the second derivative of -s*m**3 - 8*m - 1/12*m**4 - 3/2*m**2 + 0. Calculate z(-4).
-3
Suppose -2*a + 10 = 4*t, -5*t + 22 = -2*a - 13. Let f(j) be the second derivative of -j**5/20 + 5*j**4/12 - j**3/6 + 3*j**2/2 + 9*j. Determine f(t).
-2
Let u be (-2 + (-9)/((-9)/2))/3. Let w(n) = n + 24. Calculate w(u).
24
Let s(k) = -k**2 + 39*k + 181. Let a be s(43). Let y(m) = m**3 - 9*m**2 + m + 6. Determine y(a).
15
Let h(y) be the first derivative of y**3/3 + 5*y**2/2 + 3*y + 3. Suppose 4*r + 1 - 17 = 0. Let n be 30/4*r/(-5). Give h(n).
9
Let m(n) = 9 + 497*n**2 + 4*n + 6*n - 496*n**2 - 4*n. What is m(-6)?
9
Let c(n) be the third derivative of 19/6*n**3 + 1/24*n**4 + 0*n + 0 + 1/120*n**6 + 3*n**2 + 1/60*n**5. Calculate c(0).
19
Let w(c) = c**3 + 5*c**2 - 8*c + 5. Suppose -9*h = -2*h - 14. Suppose 3*a = -v - 13, -1 = -4*a - h*v - 15. Calculate w(a).
17
Let n(r) = -2 - 81*r**2 + r + 85*r**2 - r**3 + 0*r**3. Suppose l - 1 - 2 = 0. Suppose -2*h - 6 = 5*d + 10, 0 = -h - l*d - 10. Determine n(h).
8
Let j(q) = -q**3 - 8*q**2 + 11*q - 4. Suppose -3*m = -2*g - 36 + 9, -5*m + 42 = -3*g. Calculate j(g).
-22
Let h(r) = r - 1. Let t(l) = l + 6. Let m(d) = -4*h(d) - t(d). What is m(-2)?
8
Let o(a) = -5*a**2 - 2*a - 3. Let k be o(-1). Let i(v) = 5*v + 8. Give i(k).
-22
Let b(g) = g**2 - 3*g + 7. Let q(a) = 2*a**2 - 9*a + 16. Let d(k) = -10*b(k) + 4*q(k). Determine d(-3).
-6
Let o = 10 + -32. Let u = 29 + o. Let h(s) = -2*s + 7. Give h(u).
-7
Let k(m) be the first derivative of -m**3/3 + 3*m**2/2 - 4*m - 1. Let c = 66 - 44. Suppose -r - 5 = 4*p, 5*p + c = 5*r - r. Calculate k(r).
-4
Let k be 1/(-1)*((-24)/3 + -2). Let a(t) = -t**3 + 9*t**2 + 9*t + 3. Determine a(k).
-7
Suppose 36 = -4*a + 10*a. Let k(n) = n**2 + 2*n - 9. Let y(h) = -4 - 8 + h**2 + h + 4. Let p(c) = a*y(c) - 5*k(c). Calculate p(-2).
9
Let k(z) = 5*z**2 + 14*z - 12. Let r(o) = 3*o**2 + 7*o - 7. Let h(q) = 4*k(q) - 7*r(q). Determine h(6).
7
Let z = -18 - -10. Let f(u) be the first derivative of -u**2 - 10*u - 134. Give f(z).
6
Let l(j) = -j**3 - 2*j**2 + 2*j. Let h be l(0). Let x(b) be the second derivative of 4*b - 1/6*b**3 + h*b**2 + 0. What is x(-1)?
1
Suppose -2*d = -37*r + 39*r - 8, -3*r + 3*d = 0. Let t(n) = -2*n - 4. Calculate t(r).
-8
Suppose 0 = 2*w - 8 + 6. Let u be 4 - (w - (-2)/(-1)). Suppose u*j = 2*j + 6. Let f(n) = -5*n + 2. Give f(j).
-8
Suppose -10*i - 321 = -261. Let l(h) = 2*h - 9. What is l(i)?
-21
Let b(s) = -s**2 - 5*s + 3. Let p(i) = i**2 - i - 8. Let d = 11 + -7. Let a be p(d). Suppose -3*t - 4 = -h - 5*t, -a*t = 4*h + 4. What is b(h)?
-3
Let m(i) = -2*i - 2. Let b be -2*(-63)/36*24/(-14). Determine m(b).
10
Let o(f) = f - 5. Suppose 3*w - 12 = w + 2*k, -3*w = 3*k - 12. Give o(w).
0
Let t(g) = 447*g + 1 - g**2 - 453*g - 6 + 4. Give t(-6).
-1
Let g be (-20)/(-12)*(-6)/(-5). Let z(s) = s**g - 3*s + 8*s + 0*s**2 + 3*s - 1. What is z(-8)?
-1
Let n(f) be the second derivative of -f**3/3 + f**2 + 90*f. Calculate n(1).
0
Let x(k) = -k**3 - k**2 + 1. Let m(h) = -5*h**3 - h**2 - h + 2. Let g be 2*((-18)/(-4) - 4). Let z(i) = g*m(i) - 4*x(i). Give z(2).
0
Suppose 6*v - 6 = 6. Let n(a) be the first derivative of a**4/4 + 2*a**3/3 + a**2 - 2*a - 12. Calculate n(v).
18
Suppose -4*l + 83 - 99 = 2*r, 5*r = l - 7. Let m(j) = j**3 + j**2 - j - 3. Calculate m(r).
-5
Let a(g) = -8*g**3 - g**2 + g + 1. Let y be a(-1). Let p(k) = -y*k - 9*k + 5*k + 1. Let o = 4 - 5. Determine p(o).
12
Let k(p) = -2*p**2 - 8*p + 1. Let f(g) = g. Let s(v) = -6*f(v) - k(v). Suppose 0 = 69*q - 64*q - 5. Calculate s(q).
3
Let n(k) = -6*k**2 + k**3 - 9*k**3 + 3*k**3 + k + 6*k**3. What is n(6)?
6
Suppose -u - 6*c = -10*c - 3, -4*c - 4 = 0. Let j(m) = -14*m - 1. Determine j(u).
13
Let z(v) be the second derivative of -v**3/6 - 9*v**2/2 - 31*v. Let x be 106/(-13) - (-8)/52. Determine z(x).
-1
Let f(z) be the second derivative of 1/3*z**4 + 0 + 1/20*z**5 + 0*z**2 - z**3 - 8*z. Determine f(-5).
5
Let n(l) = -l - 1. Suppose -3*q - 5*i = 392, 5*q + 5*i + 668 - 8 = 0. Let h = q + 124. Determine n(h).
9
Let u(k) = -k**3 - 10*k**2 - 10*k - 3. Let s = 262 - 271. Give u(s).
6
Let d(y) = y**2 + 8*y + 21. Let s be d(-4). Let q(a) = -a**3 + 5*a**2 - 6. Calculate q(s).
-6
Let s(x) be the second derivative of x**3/6 - 8*x**2 - 16*x - 8. Calculate s(25).
9
Let k(z) = z**3 + 8*z**2 + z. Suppose -79*y + 56 = -86*y. Calculate k(y).
-8
Let b(d) be the second derivative of d**4/12 - 7*d**2/2 - 6*d. Let w be b(3). Let h(k) = 3*k - 4. Let j be h(w). Let c(q) = -q**3 - q**2 + q - 1. What is c(j)?
-11
Suppose 12*i + 25*i = -12*i. Let k(z) be the first derivative of i*z + 1/2*z**2 + 7. What is k(6)?
6
Let o = 37 - 35. Let x be (o/(-4))/(5/10). Let t(p) = -4*p**2 + 0*p - 2*p**2 - p. Give t(x).
-5
Let a(f) = -3*f + 23. Let q = -630 - -638. Calculate a(q).
-1
Suppose 12 = 3*k, 2*r - 8 = k + 3*k. Let w be -2*(1 + 1)*r/(-8). Let f(j) = -5 + 4*j**3 - 4*j**3 + j**3 + j - 6*j**2. Determine f(w).
1
Let h(t) = 13*t**2 + 80*t + 10. Let v be h(-6). Let x(f) = -4*f + 1. What is x(v)?
9
Let y(j) = 4*j**2 + 5*j - 3. Let p(v) = -v**2 + 10*v + 92. Let m be p(-6). Determine y(m).
41
Let d(l) = -l**2 + 5*l - 2. Suppose -4*i - 2 = -5*i. Suppose -4 - i = -2*k. Suppose -4*f - k*x + 21 = -11, -f + 21 = 4*x. Give d(f).
-2
Suppose -3*a + 5*a = -8*a. Let h(d) = 2*d**2 - 3*d. Let p be h(2). Let z(c) = -p*c + 7 + 3*c - 6 + 8. Give z(a).
9
Suppose 1 + 4 = -a. Let z(n) = 7*n + 2. Let h(o) = -15*o - 5. Let x(r) = a*z(r) - 2*h(r). Let s = 854 - 856. Give x(s).
10
Let y = -95 - -88. Let q(g) = -g**2 - 11*g - 25. What is q(y